*z - 3854. Suppose -10 = -2*v, 4*v = t + v - z. What is the tens digit of t?
8
Let b(w) = 2*w**3 + w**2 - w - 1. Let u be b(-1). Let p(z) = -654*z**3 - 3*z**2 + 3*z + 6. What is the units digit of p(u)?
4
Let p = 6 - 1. Suppose 0*c + 27 = p*c - n, 0 = 3*c + 3*n - 9. Suppose -13 = -r - v + 23, 200 = c*r - 5*v. What is the units digit of r?
8
Suppose t - 4*o = -1223, -4*t = o - 1450 + 6393. Let b = -598 - t. What is the units digit of b?
7
What is the hundreds digit of -1020*(2180/(-200) + 2/5)?
7
Suppose -21 + 5 = -2*m. Let t(s) = -105*s + 210. Let k(a) = 13*a - 26. Let p(i) = 49*k(i) + 6*t(i). What is the tens digit of p(m)?
4
Suppose -4*o + o - j - 789 = 0, -2*j = 0. Let b = 529 + o. What is the tens digit of b?
6
Let p = 4560 - -4761. Let j = p - 14817. What is the units digit of j/(-40) - 4/10?
7
Let n(g) = g + 11. Let l be n(-11). Suppose 1262 = 2*q + 28*i - 31*i, -5*q - 2*i + 3117 = l. What is the tens digit of q?
2
Let x(c) = 16*c + 119. Let o be x(-7). Suppose -826 = -o*a + 5*a. What is the hundreds digit of a?
4
Suppose -794*w + 4*c = -791*w - 25828, 4*w + 5*c = 34427. What is the units digit of w?
8
Let u(p) = 65 - 3*p + p**2 - 36*p + p**2 + 2*p - 18. What is the hundreds digit of u(21)?
1
Let x be 0/(5 - (2 + 2)). Suppose -v - 1567 = -5*v - d, x = -2*v + 3*d + 801. What is the tens digit of v?
9
Suppose 2*l = a + 2*a - 23, l = 4*a - 24. What is the hundreds digit of -315*((-105)/(-35) - (1 - l))?
6
Let z = 2229 + 4600. What is the thousands digit of z?
6
Suppose 3*u + 0*u = -15, 2*h + 503 = -5*u. Let o = 344 + h. What is the tens digit of o?
0
Suppose -629 - 11 = -5*x. Let m = 229 - x. Suppose -5*i + 102 = 2*o, 356 - m = 5*o - 5*i. What is the tens digit of o?
5
Suppose 30*b - 90*b + 2220960 = 0. What is the thousands digit of b?
7
Let v = 85886 - 51343. What is the tens digit of v?
4
Let x be (-6)/(12/4) - -1. Let r(j) = -5*j**3 + j**2 + 2*j + 1. Let p be r(x). Suppose 197 = 2*o - p*h, 3*o - 4*o - 5*h = -91. What is the tens digit of o?
9
Let p(d) be the second derivative of -d**5/20 + d**4/4 + 11*d**3/6 - d - 5. What is the hundreds digit of p(-5)?
1
What is the hundreds digit of (((-387)/6)/3)/(-3 + 5125/1710)?
3
Let t = 1282 + -735. Let b = t + -133. What is the units digit of b?
4
Let m = -5477 + 5939. What is the units digit of m?
2
Let q(m) = 2670*m + 1108. What is the thousands digit of q(7)?
9
Let w be (2821 - 66)*(2/(-5) + 0). Let j = 2052 + w. What is the units digit of j?
0
Let t(o) = 367*o**2 + 95. What is the thousands digit of t(5)?
9
Let r = 15012 + -8382. What is the units digit of r?
0
Let y = 32 - 32. Suppose -r - 3*r = y. What is the tens digit of 60 - (r/(-3))/(-5)?
6
Suppose 3*k - 5*a = 48254, -76*a = -79*a - 3. What is the thousands digit of k?
6
Suppose 5*n - 1008 = -3*c, 7*n - 4*n + c - 608 = 0. Suppose -195*k + n*k = 7695. What is the tens digit of k?
5
Let c = -5261 - -13769. What is the hundreds digit of c?
5
Let r = 50 + -47. Suppose r*i - 16 = o, 0*i - 28 = -5*i + 2*o. What is the tens digit of (3 - 0) + 100/i?
2
What is the units digit of (1103635/(-26) - (2 + -1))*(-64)/48?
8
Suppose 0 = a - 2*d - 6792, 5*d - 34551 = -5*a - 576. What is the tens digit of a?
9
Let f be -4*(-3)/(-36) - 2/(-6). Let p be f/(-2) - (2/1 - -156). Let q = 15 - p. What is the tens digit of q?
7
Suppose -21*b + 7 = -203. Let s(j) = j**3 - 9*j**2 - 4*j - 16. What is the tens digit of s(b)?
4
Suppose -3*i = 4*g - 256, 4*g + 128 = 6*g - i. Suppose -l - 5*z - 130 = -6*l, 4*z = -3*l + g. What is the units digit of -2*797/(-12) + 4/l?
3
Let h be (135/(-75))/((-3)/1945). Let t = h - 401. What is the units digit of t?
6
Suppose -5*v + 782 = -3*r + 14807, -r - 3*v = -4689. What is the tens digit of r?
8
Let l(i) = 39*i**2 + 7*i - 15. Suppose -156 = -43*j + 17*j. What is the hundreds digit of l(j)?
4
Suppose 5*y - 4*i = 5101, y - 2*y + 3*i + 1029 = 0. Let p = y - 353. What is the hundreds digit of p?
6
Suppose -7483 = -g - 3*a, -3047 - 26969 = -4*g + 2*a. What is the tens digit of g?
0
Let y be 2/3 - 66/18. Let t be y + 1 + (80 - -5). Suppose -218 = -3*h + 5*q, -4*h - q + 246 = -t. What is the tens digit of h?
8
Let p = -170 - -174. Suppose 3*c = 4*t + 421, 0*t + 568 = 4*c - p*t. What is the hundreds digit of c?
1
Suppose 6 - 14 = 4*i. Let v(u) = 2*u**2 + 3. Let d be v(i). Suppose 0 = -d*n + 3*n + 704. What is the tens digit of n?
8
Suppose -266826 = -3*y + 5*p, 7805 - 185689 = -2*y - 4*p. What is the tens digit of y?
4
Let j(u) = 58*u - 63. Suppose 3*g = -3*f + 15, -2*f - 4 = 5*g - 35. What is the tens digit of j(g)?
4
Let r = 4731 + 4146. Suppose 86*d - 97*d + r = 0. What is the tens digit of d?
0
Suppose -18*c + 28*c = 1660. Let a = 710 - 431. Suppose 3*s - g = -4*g + a, 0 = 2*s - 3*g - c. What is the tens digit of s?
8
Suppose 0 = -107*n + 1544 + 6588. What is the units digit of n?
6
Suppose 9*m - 7 = 11. Suppose 4*s + 5*k = 3254, -3*s - m*k + 1402 = -1042. What is the units digit of s?
6
Let f = -26 - -32. Suppose -1 = l - f, h - 3*l = -13. Suppose 2*a - c + 80 = 422, -h*c = -3*a + 513. What is the tens digit of a?
7
What is the hundreds digit of (-1591392)/(-253) - (-36)/(-414)?
2
Let b = 14 - 925. Let j = -78 - b. What is the tens digit of j?
3
What is the hundreds digit of 23617 - (-285)/15 - (-1 + 7 - 1)?
6
Let v be ((-10)/(-5))/(8/20). Suppose 0 = 4*n - 16 + 4, n - 3 = -v*f. What is the tens digit of 11/1 + (0 - f)?
1
Let x(w) = w**3 - 17*w**2 + 39*w - 2. Let m = -160 + 176. What is the units digit of x(m)?
6
What is the units digit of 2/(-7) + (-10780693)/(-539)?
1
Let q(i) = -i**3 - 6*i**2 + 4*i + 26. Let t be q(-6). Let g(n) = 12*n**2 + 7*n - 12. Let c be g(t). What is the tens digit of 676/10 + (-30)/c?
6
Let u = 8 - -4. Let w be 560/96 - (-2)/u. Suppose 0 = -r + w*r - 335. What is the tens digit of r?
6
Let s(o) = -o**2 + 16*o - 14. Let r be s(14). Let p(y) = -59 + 359*y - 375*y + 2*y**2 + 98. What is the tens digit of p(r)?
0
Suppose 673 = -s + 675. Suppose 69 = -s*r + 381. What is the units digit of r?
6
Suppose s + 3*j + 33 = 0, -2*s - 5*j = -5*s - 113. Let n = 74 + s. Suppose y + 2*a - 69 - n = 0, 5*y - 546 = a. What is the units digit of y?
9
Let m be (-60)/(-14) - (-4)/(-14). Suppose -m*y + 682 = -450. Suppose -s = 4*t - 89, -3*s + 5*t + y = t. What is the units digit of s?
3
What is the hundreds digit of 4242/(-4949) - 233295/(-7)?
3
Let f = -241 + 234. Suppose -3*t = -2*t - 9. Let a = f + t. What is the units digit of a?
2
Let l be (-70)/(-4)*6/21. Suppose -3*p = -l*d - 1832, 4*p - 4*d - 2208 = 232. What is the hundreds digit of p?
6
Let u(h) = -9*h + 2538. Let l be u(0). Suppose 23*g - l = -790. What is the units digit of g?
6
Suppose 6*w - 11 = 25. Suppose 0 = -4*i + w*i + 412. Let q = i - -305. What is the tens digit of q?
9
Let q be 3*(-4 - -2)/1. Let x(i) = -3*i**2 + 15*i - 22. Let w(b) = 2*b**2 - 8*b + 11. Let m(z) = -5*w(z) - 3*x(z). What is the units digit of m(q)?
5
Let g = 12599 - 6276. What is the hundreds digit of g?
3
What is the units digit of (-5)/(-65) - (-472720)/494?
7
Let i = 7769 - 7476. Let z be (-4)/(-10) - 2/5. Suppose i = 2*d + 3*l, z = 3*d + 8*l - 7*l - 429. What is the units digit of d?
2
Let n(d) = 52*d**2 - 4*d. Let v = 196 - 199. What is the units digit of n(v)?
0
Let j = -683 - -683. Suppose j = -17*h + 23*h - 1368. What is the hundreds digit of h?
2
Suppose -11 = -3*a - 2*k + 7*k, 0 = -3*a + 3*k + 3. Let v(s) = -s**2 - 3*s. Let l be v(a). What is the units digit of l + (2/3)/((-1)/(-3))?
2
What is the hundreds digit of (-8)/(-52) - (3677093/(-143) + (-5)/(-55))?
7
Suppose -237*m - 5*s - 7465 = -241*m, -2*m + 2*s = -3730. What is the thousands digit of m?
1
Let l(u) be the second derivative of -2*u**4/3 + 191*u**2/2 + u + 118. What is the hundreds digit of l(0)?
1
Suppose 4*l - 215 - 85 = 0. Suppose l = -4*v - 37. What is the units digit of 7/(v/(-20)) - -44?
9
Let m(x) = 81*x - 95. Let b be m(-21). Let k = b - -3003. What is the hundreds digit of k?
2
Let k(r) = -r**3 - 18*r**2 - 22*r - 71. Let t be k(-17). Let l = 397 + t. What is the tens digit of l?
1
What is the units digit of ((-56)/12*1/(-7))/(1/11634)?
6
What is the thousands digit of (14844/21)/(39/273)?
4
Let n be 2/(-3)*(-27)/9. Suppose 0 = -3*z + 4*z. Suppose 5*l + 79 = -2*x + 3*x, z = n*x - l - 122. What is the tens di